11737. Let l be m(167). Calculate the highest common factor of l and 72.
9
Let w(z) be the third derivative of -z**4/24 + 10*z**3 + 115*z**2. Let k be w(5). What is the highest common divisor of k and 330?
55
Suppose 4654*q + 3080 = 4662*q. Calculate the greatest common factor of 110 and q.
55
Suppose 90 = -25164*d + 25167*d. Let t be (-3 + -17)*(-78)/12. What is the greatest common divisor of d and t?
10
Suppose 5*w + 2*s = -54, 5*w + 21 = -s - 31. Let k be 2/w + (-1311)/(-5). Suppose -2*i + k + 68 = 0. Calculate the greatest common factor of i and 15.
15
Let t be (0 - -13) + (22 + -11)/(-11). Suppose 324 + t = 8*x. Calculate the highest common factor of 120 and x.
6
Let c be (-5)/(-1 + 14/16). Calculate the highest common factor of 3080 and c.
40
Let o(a) = -10*a - 360. Let y be o(-43). Calculate the greatest common divisor of y and 35.
35
Suppose -16368 = -27*m + 23*m - 84*m. Calculate the greatest common factor of m and 8618.
62
Let u(i) = -4*i**3 + 182*i**2 - 178*i + 3. Let k be u(44). What is the greatest common factor of 7 and k?
7
Let t be 17/((-51)/(-12)) + 3563. Calculate the highest common factor of t and 164.
41
Let k(h) = -14 - 6*h + 2 + 18 + 6*h**2 - h**3. Let f be k(4). Calculate the greatest common factor of 322 and f.
14
Suppose c = -h + 40, -39*c + 44*c + h - 200 = 0. Calculate the greatest common factor of 10040 and c.
40
Let j be (-3 + (0/9 - -6))*7. Calculate the highest common factor of j and 273.
21
Let g be 0 + 4/(-6) + -1*2958/(-9). What is the highest common divisor of 41 and g?
41
Suppose 11*h = 9*h + 5*y + 42, 2*y + 84 = 5*h. Calculate the highest common divisor of 5872 and h.
16
Let o(j) = 30*j - 5*j**2 + 3 - 28*j - j**3 + 1. Let p be o(-7). Let s be 5 + (-14)/2 + (p - 1). What is the highest common divisor of 5 and s?
5
Let c = 7 + 35. Let d(j) = -j**3 - 16*j**2 - 62*j - 5. Let s be d(-13). What is the greatest common divisor of s and c?
42
Suppose 6*y = 5*y + 4. Let h be -5 + y - (-1 - 1). Let x be ((-4 - -5)*h)/(1/17). What is the greatest common divisor of 187 and x?
17
Let w be ((-70)/(-3))/2 + 4/12. Suppose w*i - 5*i = 21. Suppose 0 = i*f - 6 - 21. Calculate the highest common divisor of 1 and f.
1
Let g = 2425 - 1577. What is the highest common divisor of 128 and g?
16
Let y be -12 + (7 + 873)/10. What is the highest common factor of 1216 and y?
76
Suppose 5*i = -0*i - 45. Let b be 297/6 - i/(-6). Let j = -316 + 388. What is the greatest common factor of b and j?
24
Suppose -11*j - 83 + 281 = 0. Let f be 20/12*-3*6/(-10). Suppose c - 375 = -3*c - 3*i, 3*i = f*c - 255. Calculate the greatest common divisor of c and j.
18
Suppose -149 = -5*g + 2*z, 4*g - 5*g = -5*z - 16. Let d = 3 + g. What is the greatest common divisor of 170 and d?
34
Let p(f) = 5*f**3 - 131*f**2 + 23*f + 164. Let w be p(26). Let t(n) = -49*n**3 - n**2 - 1. Let c be t(-2). Calculate the greatest common factor of w and c.
43
Let u(a) = a + 0*a - 7*a + 12. Let c be u(-15). What is the greatest common factor of c and 68?
34
Suppose 3*u - 15 = -2*u. Suppose -643 = u*v - 793. What is the greatest common divisor of 40 and v?
10
Let m = -720 + 750. Suppose m*v - 34560 = 6*v. What is the highest common factor of 45 and v?
45
Let q(r) = r**3 + r**2 + 2*r + 24. Let c be (-1 + 1)/((-2)/(6/(-3))). Let y be q(c). What is the greatest common factor of 48 and y?
24
Suppose -4*t + 29 = 9. Suppose -a + t*d - 5 + 4 = 0, 0 = -2*a + d + 7. Suppose x + x + 42 = 4*g, a*g = x + 39. What is the greatest common divisor of 3 and g?
3
Let o = -8309 + 8319. Let c be 30*(-3 + (-150)/(-9)). Calculate the highest common divisor of o and c.
10
Let i = -2524 + 2706. Calculate the greatest common divisor of i and 1246.
14
Let p = 5483 + -5478. What is the highest common divisor of p and 615?
5
Let h be ((-8)/(-3))/((-11)/(-1617)*7). Calculate the highest common factor of h and 1442.
14
Suppose 9*r = 5*r + 28. Suppose -r*d + 3*d = -12. Let m = 7 + d. Calculate the highest common divisor of 70 and m.
10
Let n(c) = -4*c**3 - 3*c**2 - c - 2. Let s be n(-2). Let k = -190 - -341. Suppose 0 = 4*i - k - 49. Calculate the highest common divisor of i and s.
10
Suppose 3*l + 3*q - 1932 = 0, 0 = -4*l - 2*q + 399 + 2181. Calculate the greatest common divisor of 34 and l.
34
Let z(y) = 181*y**2 + 3*y + 2. Let f be (-3)/2*(-34)/(-51). Let i be z(f). Calculate the highest common divisor of i and 45.
45
Let o = -76 + 42. Let z = 42 + o. Suppose -v + 104 = z. What is the highest common factor of v and 12?
12
Let o = -28 - -26. Let p = o + 14. Let i be p/9*66/4. What is the highest common divisor of 33 and i?
11
Let i be -7 + (157 - -21) + -26. What is the greatest common divisor of 230 and i?
5
Let s be (-64)/56 - (-13248)/126. Calculate the highest common divisor of s and 39.
13
Let c(b) = 41 - 33*b + 49 + 39*b. Let v be c(9). Let p be (-56)/21*v/(-4). What is the greatest common factor of 24 and p?
24
Suppose -3*s + 72734 = 5*p, 51*p = 55*p - 5*s - 58128. Calculate the greatest common factor of 66 and p.
22
Let s be -3*1*(-3 + 2). Suppose -h - 2*g = s, -6 = -2*h - 0*h + 2*g. Suppose r - y = 4, 0 = -8*y + 5*y + 9. What is the highest common factor of r and h?
1
Let k(f) = -3*f + 10 + 15*f**2 - 22 + f**3 - 32. Let t be k(-15). What is the greatest common factor of 1 and t?
1
Let u(i) = i**2 + 11*i + 41. Let x be u(-5). Suppose 165 = x*a - 451. What is the greatest common divisor of a and 35?
7
Suppose 5*o - 5*n = 35, 0 = 35*n - 30*n - 20. What is the greatest common divisor of o and 9427?
11
Let z = 4287 - 4258. Let w be (6/(-21))/(2/(-14)). Let g be (-26 + -3)*(-2)/w. Calculate the highest common divisor of g and z.
29
Let r be 60*(16/6)/(25/200). Calculate the highest common factor of r and 240.
80
Suppose 7*i - 114 = 138. Let j = i + -11. What is the highest common divisor of j and 225?
25
Let y be 6 + -6 + (-4 - 6)*(-12)/8. Calculate the greatest common factor of y and 1875.
15
Suppose 154 + 150 = 31*d + 211. Suppose 2*p = 5*q - 31, 0*p - 21 = -3*q + 2*p. Let f(o) = o**2 - 4. Let l be f(q). What is the highest common factor of l and d?
3
Let k = 6 - -16. Let x(p) = -p**2 - 29*p - 10. Let f = -13 + -3. Let c be x(f). Calculate the highest common factor of k and c.
22
Let w be -1 + 97 - (15 + -10 + -15 - -2). Calculate the greatest common factor of 2093 and w.
13
Let n = 69 + -60. What is the greatest common factor of 4041 and n?
9
Let o be 18/(-8)*-1*20. Suppose -2880 = -579*p - 317*p + 416*p. What is the greatest common divisor of p and o?
3
Let o(m) = -m**3 - 18*m**2 + 43*m + 33. Let d be o(-20). Let q be 2/((-6)/d)*2/3. Let y = 0 - -2. Calculate the highest common factor of y and q.
2
Suppose 35 = k - 4*p, 77 - 43 = 2*k - 2*p. Calculate the greatest common divisor of k and 8019.
11
Suppose -3*n - 4*i = -70, 8*n = 3*n - i + 111. Let d = -1 + n. Let q = -342 - -573. What is the highest common factor of q and d?
21
Let k(g) = -g**3 - 61*g**2 + 232*g + 91. Let n be k(-65). What is the highest common divisor of 364 and n?
91
Let x be 3/3 - 2 - -3. Let s be 3 - x/(6/9). Suppose -3*z + 2*w = -38 + 12, -2*z + 3*w + 19 = s. Calculate the highest common factor of z and 20.
4
Let n be (2*-2)/(10/5). Let j be (0 + -7)*(7*n - -2). Suppose -10*o = -3*o - j. What is the greatest common divisor of 24 and o?
12
Let v(r) = -375*r + 17316. Let g be v(46). Suppose 0 = 4*s - q + 5*q - 68, 3*s - 76 = 2*q. What is the greatest common factor of s and g?
22
Let l = 90 - 60. Let a be (-32)/(-18) + -2 - 276/(-27). Calculate the greatest common factor of a and l.
10
Let j = 13717 + -4281. Calculate the greatest common divisor of 56 and j.
28
Let r(v) = -218*v + 713. Let g be r(3). What is the highest common divisor of g and 295?
59
Suppose -752 = -5*j - 4*t + t, 4*j - 604 = -3*t. Suppose 18*p + 5 = 19*p, 0 = 2*f - 2*p - 138. Calculate the greatest common divisor of j and f.
74
Suppose -13*h + 770 = -3*h. Let g = 137 - h. Calculate the highest common divisor of g and 20.
20
Let o be (-15 - -13)*51/(-6). Let b be (0/o)/(-1 + 0). Let i(p) = -2*p**2 + 3*p + 64. Let r be i(b). What is the highest common divisor of r and 4?
4
Suppose -38262 = 134*g - 218671 - 28765. Calculate the highest common divisor of 7 and g.
7
Let k = -11622 - -11631. What is the highest common factor of 2784 and k?
3
Let m be (-1 - 121/(-77